{"id":987501895,"date":"2023-08-18T15:49:16","date_gmt":"2023-08-18T13:49:16","guid":{"rendered":"https:\/\/revevasionpor.tfolio.fr\/?page_id=987501895"},"modified":"2023-08-18T15:51:45","modified_gmt":"2023-08-18T13:51:45","slug":"mentions-legales","status":"publish","type":"page","link":"https:\/\/revevasionpor.tfolio.fr\/index.php\/mentions-legales\/","title":{"rendered":"MENTIONS LEGALES"},"content":{"rendered":"<p>[et_pb_section fb_built=&#8221;1&#8243; _builder_version=&#8221;4.21.2&#8243; _module_preset=&#8221;default&#8221; background_color=&#8221;rgba(0,0,0,0.82)&#8221; background_image=&#8221;https:\/\/revevasionpor.tfolio.fr\/wp-content\/uploads\/2023\/08\/dino-reichmuth-A5rCN8626Ck-unsplash-1-scaled.jpg&#8221; background_blend=&#8221;multiply&#8221; custom_padding=&#8221;||0px|||&#8221; hover_enabled=&#8221;0&#8243; global_colors_info=&#8221;{}&#8221; theme_builder_area=&#8221;post_content&#8221; title_text=&#8221;dino-reichmuth-A5rCN8626Ck-unsplash (1)&#8221; sticky_enabled=&#8221;0&#8243;][et_pb_row _builder_version=&#8221;4.16&#8243; _module_preset=&#8221;default&#8221; custom_padding=&#8221;101px|||||&#8221; global_colors_info=&#8221;{}&#8221; theme_builder_area=&#8221;post_content&#8221;][et_pb_column type=&#8221;4_4&#8243; _builder_version=&#8221;4.16&#8243; _module_preset=&#8221;default&#8221; global_colors_info=&#8221;{}&#8221; theme_builder_area=&#8221;post_content&#8221;][et_pb_text _builder_version=&#8221;4.21.2&#8243; _module_preset=&#8221;default&#8221; text_font=&#8221;Belleza||||||||&#8221; text_text_color=&#8221;#FFFFFF&#8221; text_font_size=&#8221;30px&#8221; text_orientation=&#8221;center&#8221; animation_style=&#8221;slide&#8221; hover_enabled=&#8221;0&#8243; global_colors_info=&#8221;{}&#8221; theme_builder_area=&#8221;post_content&#8221; sticky_enabled=&#8221;0&#8243;]<\/p>\n<p>MENTIONS LEGALES<\/p>\n<p>[\/et_pb_text][\/et_pb_column][\/et_pb_row][et_pb_row column_structure=&#8221;1_2,1_2&#8243; _builder_version=&#8221;4.16&#8243; _module_preset=&#8221;default&#8221; module_alignment=&#8221;right&#8221; custom_margin=&#8221;|227px||50px||&#8221; custom_padding=&#8221;1px|||0px||&#8221; hover_enabled=&#8221;0&#8243; global_colors_info=&#8221;{}&#8221; theme_builder_area=&#8221;post_content&#8221; sticky_enabled=&#8221;0&#8243;][et_pb_column type=&#8221;1_2&#8243; _builder_version=&#8221;4.16&#8243; _module_preset=&#8221;default&#8221; global_colors_info=&#8221;{}&#8221; theme_builder_area=&#8221;post_content&#8221;][et_pb_text _builder_version=&#8221;4.16&#8243; _module_preset=&#8221;default&#8221; text_font=&#8221;Belleza||||||||&#8221; text_text_color=&#8221;#FFFFFF&#8221; header_3_font=&#8221;Belleza||||||||&#8221; header_3_text_color=&#8221;#FFFFFF&#8221; header_3_font_size=&#8221;23px&#8221; width=&#8221;99.8%&#8221; module_alignment=&#8221;center&#8221; custom_padding=&#8221;0px|||0px||&#8221; inline_fonts=&#8221;Belleza&#8221; global_colors_info=&#8221;{}&#8221; theme_builder_area=&#8221;post_content&#8221;]<\/p>\n<p style=\"text-align: right;\"><span style=\"font-size: xx-large; font-family: Belleza; font-weight: normal;\">\u00a0 \u00a0 \u00a0<\/span><span style=\"font-size: large; font-family: Belleza; font-weight: normal;\"><strong style=\"background-image: none; background-position: 0% 0%; background-repeat: repeat; background-attachment: scroll; color: #ffffff; border-style: none; outline-color: currentcolor; outline-style: none;\"><\/strong><\/span><\/p>\n<p><span style=\"font-size: large; font-family: Belleza; font-weight: normal;\"><strong style=\"background-image: none; background-position: 0% 0%; background-repeat: repeat; background-attachment: scroll; color: #ffffff; border-style: none; outline-color: currentcolor; outline-style: none;\"><\/strong><\/span><\/p>\n<p><span style=\"font-size: large; font-family: Belleza; font-weight: normal;\"><strong style=\"background-image: none; background-position: 0% 0%; background-repeat: repeat; background-attachment: scroll; color: #ffffff; border-style: none; outline-color: currentcolor; outline-style: none;\"><\/strong><\/span><\/p>\n<p><span style=\"font-size: large; font-family: Belleza; font-weight: normal;\"><strong style=\"background-image: none; background-position: 0% 0%; background-repeat: repeat; background-attachment: scroll; color: #ffffff; border-style: none; outline-color: currentcolor; outline-style: none;\"><\/strong><\/span><\/p>\n<p><span style=\"color: #ffffff; font-size: large; font-family: 'Times New Roman'; font-weight: normal;\">En vertu de l\u2019article 6 de la loi n\u00b0 2004-575 du 21 juin 2004 pour la confiance dans l\u2019\u00e9conomie num\u00e9rique, il est pr\u00e9cis\u00e9 aux utilisateurs<\/span><\/p>\n<p><span style=\"color: #ffffff; font-size: large; font-family: 'Times New Roman'; font-weight: normal;\">du site https:\/\/asma.tfolio.fr, l\u2019identit\u00e9 des diff\u00e9rents intervenants dans le cadre de sa r\u00e9alisation et de son suivi :<\/span><\/p>\n<p><span style=\"color: #ffffff; font-size: large; font-family: 'Times New Roman'; font-weight: normal;\">Propri\u00e9taire, cr\u00e9ateur, responsable de publication :<\/span><\/p>\n<p><span style=\"color: #ffffff; font-size: large; font-family: 'Times New Roman'; font-weight: normal;\">Concepteur du site :<\/span><\/p>\n<p><span style=\"color: #ffffff; font-size: large; font-family: 'Times New Roman'; font-weight: normal;\">Graphisto Concept<\/span><\/p>\n<p><span style=\"color: #ffffff; font-size: large; font-family: 'Times New Roman'; font-weight: normal;\">Mr Hamidi Ahmed<\/span><br \/><span style=\"color: #ffffff; font-size: large; font-family: 'Times New Roman'; font-weight: normal;\"> Cr\u00e9ation de sites internet<\/span><br \/><span style=\"color: #ffffff; font-size: large; font-family: 'Times New Roman'; font-weight: normal;\"> RCS 801 172 776<\/span><\/p>\n<p><span style=\"color: #ffffff; font-size: large; font-family: 'Times New Roman'; font-weight: normal;\">H\u00e9bergement :<\/span><\/p>\n<p><span style=\"color: #ffffff; font-size: large; font-family: 'Times New Roman'; font-weight: normal;\">Le site est h\u00e9berg\u00e9 sur Hostinger.<\/span><\/p>\n<p><span style=\"color: #ffffff; font-size: large; font-family: 'Times New Roman'; font-weight: normal;\">Distributeur \u2013 Interm\u00e9diaire en op\u00e9ration de banque -vente en ligne :<\/span><br \/><span style=\"color: #ffffff; font-size: large; font-family: 'Times New Roman'; font-weight: normal;\"> Leetchi Corp. S.A., soci\u00e9t\u00e9 anonyme de droit luxembourgeois, au capital de 500 000 euros, dont le si\u00e8ge social est situ\u00e9 14 Rue Aldringen, L-1118 Luxembourg<\/span><\/p>\n<p><span style=\"color: #ffffff; font-size: large; font-family: 'Times New Roman'; font-weight: normal;\">et immatricul\u00e9e au Registre du commerce et des soci\u00e9t\u00e9s luxembourgeois sous le num\u00e9ro B173459, habilit\u00e9e \u00e0 exercer son activit\u00e9 en France en libre \u00e9tablissement,<\/span><\/p>\n<p><span style=\"color: #ffffff; font-size: large; font-family: 'Times New Roman'; font-weight: normal;\">en qualit\u00e9 d\u2019\u00e9tablissement de monnaie \u00e9lectronique agr\u00e9\u00e9 par la Commission de Surveillance du Secteur Financier, 110 route d\u2019Arlon L-1150 Luxembourg, www.cssf.lu,<\/span><\/p>\n<p><span style=\"color: #ffffff; font-size: large; font-family: 'Times New Roman'; font-weight: normal;\">La soci\u00e9t\u00e9 est interm\u00e9diaire en op\u00e9rations de banque et services de paiement \u00e0 l\u2019Orias. Son immatriculation est consultable sur le site: https:\/\/www.orias.fr\/welcome.<\/span><\/p>\n<p><span style=\"color: #ffffff; font-size: large; font-family: 'Times New Roman'; font-weight: normal;\">Utilisateurs :<\/span><\/p>\n<p><span style=\"color: #ffffff; font-size: large; font-family: 'Times New Roman'; font-weight: normal;\">Les utilisateurs du site d\u00e9signent les prospects, les adh\u00e9rents, les partenaires licenci\u00e9s, les salari\u00e9s ainsi que toute personne pouvant avoir une utilisation commerciale<\/span><\/p>\n<p><span style=\"color: #ffffff; font-size: large; font-family: 'Times New Roman'; font-weight: normal;\">ou informative du site \u00e0 quelque titre que ce soit.<\/span><\/p>\n<p><span style=\"box-sizing: border-box; margin: 0px; padding: 0px; border: 0px none; outline: currentcolor none 0px; font-size: large; vertical-align: baseline; background: none 0% 0% repeat scroll transparent; font-family: Belleza; font-weight: normal; color: #ffffff;\"><\/span><\/p>\n<p><span style=\"box-sizing: border-box; margin: 0px; padding: 0px; border: 0px none; outline: currentcolor none 0px; font-size: large; vertical-align: baseline; background: none 0% 0% repeat scroll transparent; color: #ffffff; font-family: Belleza; font-weight: normal;\"><strong style=\"box-sizing: border-box; margin: 0px; padding: 0px; border: 0px none; outline: currentcolor none 0px; vertical-align: baseline; background: none 0% 0% repeat scroll transparent; font-weight: bold;\"><\/strong><\/span><\/p>\n<p><span style=\"box-sizing: border-box; margin: 0px; padding: 0px; border: 0px none; outline: currentcolor none 0px; font-size: large; vertical-align: baseline; background: none 0% 0% repeat scroll transparent; color: #ffffff; font-family: Belleza; font-weight: normal;\"><strong style=\"box-sizing: border-box; margin: 0px; padding: 0px; border: 0px none; outline: currentcolor none 0px; vertical-align: baseline; background: none 0% 0% repeat scroll transparent; font-weight: bold;\"><\/strong><\/span><\/p>\n<p><span style=\"box-sizing: border-box; margin: 0px; padding: 0px; border: 0px none; outline: currentcolor none 0px; font-size: large; vertical-align: baseline; background: none 0% 0% repeat scroll transparent; font-family: Belleza; font-weight: normal; color: #ffffff;\"><\/span><\/p>\n<h3><span style=\"box-sizing: border-box; margin: 0px; padding: 0px; border: 0px none; outline: currentcolor none 0px; font-size: medium; vertical-align: baseline; background: none 0% 0% repeat scroll transparent; font-family: Belleza; font-weight: normal; color: #ffffff;\"><\/span><\/h3>\n<h3><span style=\"box-sizing: border-box; margin: 0px; padding: 0px; border: 0px none; outline: currentcolor none 0px; font-size: medium; vertical-align: baseline; background: none 0% 0% repeat scroll transparent; font-family: Belleza; font-weight: normal; color: #ffffff;\"><\/span><\/h3>\n<h3><span style=\"box-sizing: border-box; margin: 0px; padding: 0px; border: 0px none; outline: currentcolor none 0px; font-size: medium; vertical-align: baseline; background: none 0% 0% repeat scroll transparent; font-family: Belleza; font-weight: normal; color: #ffffff;\"><strong style=\"box-sizing: border-box; margin: 0px; padding: 0px; border: 0px none; outline: currentcolor none 0px; vertical-align: baseline; background: transparent none repeat scroll 0% 0%; font-weight: bold;\"><\/strong><\/span><\/h3>\n<h3><span style=\"box-sizing: border-box; margin: 0px; padding: 0px; border: 0px none; outline: currentcolor none 0px; font-size: medium; vertical-align: baseline; background: none 0% 0% repeat scroll transparent; font-family: Belleza; font-weight: normal; color: #ffffff;\"><strong style=\"box-sizing: border-box; margin: 0px; padding: 0px; border: 0px none; outline: currentcolor none 0px; vertical-align: baseline; background: transparent none repeat scroll 0% 0%; font-weight: bold;\"><\/strong><\/span><\/h3>\n<h3><span style=\"box-sizing: border-box; margin: 0px; padding: 0px; border: 0px none; outline: currentcolor none 0px; font-size: medium; vertical-align: baseline; background: none 0% 0% repeat scroll transparent; font-family: Belleza; font-weight: normal; color: #ffffff;\"><strong style=\"box-sizing: border-box; margin: 0px; padding: 0px; border: 0px none; outline: currentcolor none 0px; vertical-align: baseline; background: transparent none repeat scroll 0% 0%; font-weight: bold;\"><\/strong><\/span><\/h3>\n<h3><span style=\"box-sizing: border-box; margin: 0px; padding: 0px; border: 0px none; outline: currentcolor none 0px; font-size: medium; vertical-align: baseline; background: none 0% 0% repeat scroll transparent; font-family: Belleza; font-weight: normal; color: #ffffff;\"><strong style=\"box-sizing: border-box; margin: 0px; padding: 0px; border: 0px none; outline: currentcolor none 0px; vertical-align: baseline; background: transparent none repeat scroll 0% 0%; font-weight: bold;\"><\/strong><\/span><\/h3>\n<h3><\/h3>\n<p>[\/et_pb_text][\/et_pb_column][et_pb_column type=&#8221;1_2&#8243; _builder_version=&#8221;4.16&#8243; _module_preset=&#8221;default&#8221; global_colors_info=&#8221;{}&#8221; theme_builder_area=&#8221;post_content&#8221;][\/et_pb_column][\/et_pb_row][\/et_pb_section][et_pb_section fb_built=&#8221;1&#8243; admin_label=&#8221;Footer&#8221; _builder_version=&#8221;4.21.2&#8243; _module_preset=&#8221;default&#8221; background_color=&#8221;rgba(0,0,0,0.55)&#8221; background_image=&#8221;https:\/\/revevasionpor.tfolio.fr\/wp-content\/uploads\/2023\/03\/voyage-montage-4-revevasion.jpg&#8221; background_blend=&#8221;overlay&#8221; border_width_top=&#8221;1px&#8221; border_color_top=&#8221;#FFFFFF&#8221; border_width_bottom=&#8221;1px&#8221; border_color_bottom=&#8221;#FFFFFF&#8221; saved_tabs=&#8221;all&#8221; collapsed=&#8221;on&#8221; global_colors_info=&#8221;{}&#8221; theme_builder_area=&#8221;post_content&#8221;][et_pb_row column_structure=&#8221;1_2,1_2&#8243; _builder_version=&#8221;4.21.2&#8243; _module_preset=&#8221;default&#8221; global_colors_info=&#8221;{}&#8221; theme_builder_area=&#8221;post_content&#8221;][et_pb_column type=&#8221;1_2&#8243; _builder_version=&#8221;4.19.2&#8243; _module_preset=&#8221;default&#8221; global_colors_info=&#8221;{}&#8221; theme_builder_area=&#8221;post_content&#8221;][et_pb_text _builder_version=&#8221;4.21.2&#8243; _module_preset=&#8221;aaa7c440-590a-4078-ae0c-0f3c699ac51c&#8221; header_font=&#8221;||||||||&#8221; header_3_font=&#8221;Belleza||||||||&#8221; header_3_text_color=&#8221;#FFFFFF&#8221; header_3_line_height=&#8221;1.4em&#8221; header_3_font_size_tablet=&#8221;20px&#8221; header_3_font_size_phone=&#8221;16px&#8221; header_3_font_size_last_edited=&#8221;on|desktop&#8221; locked=&#8221;off&#8221; global_colors_info=&#8221;{}&#8221; theme_builder_area=&#8221;post_content&#8221;]<\/p>\n<h3>REVEVASION<\/h3>\n<p>[\/et_pb_text][et_pb_text _builder_version=&#8221;4.16&#8243; _module_preset=&#8221;4c43b4b6-66bf-432d-959a-705bda24a650&#8243; text_font=&#8221;Belleza||||||||&#8221; text_text_color=&#8221;#FFFFFF&#8221; text_font_size=&#8221;18px&#8221; text_line_height=&#8221;1.6em&#8221; link_text_color=&#8221;#FFFFFF&#8221; custom_margin=&#8221;||10px||false|false&#8221; header_font_size_tablet=&#8221;55px&#8221; header_font_size_last_edited=&#8221;off|desktop&#8221; locked=&#8221;off&#8221; global_colors_info=&#8221;{}&#8221; theme_builder_area=&#8221;post_content&#8221;]01 48 45 75 43[\/et_pb_text][et_pb_text _builder_version=&#8221;4.16&#8243; _module_preset=&#8221;4c43b4b6-66bf-432d-959a-705bda24a650&#8243; text_font=&#8221;Source Sans Pro||||||||&#8221; text_text_color=&#8221;#FFFFFF&#8221; text_line_height=&#8221;1.6em&#8221; link_font=&#8221;Belleza||||||||&#8221; link_text_color=&#8221;#FFFFFF&#8221; link_font_size=&#8221;18px&#8221; custom_margin=&#8221;||10px||false|false&#8221; header_font_size_tablet=&#8221;55px&#8221; header_font_size_last_edited=&#8221;off|desktop&#8221; locked=&#8221;off&#8221; global_colors_info=&#8221;{}&#8221; theme_builder_area=&#8221;post_content&#8221;]<\/p>\n<p><a href=\"mailto:#\">contact@revevasion.fr<\/a><\/p>\n<p>[\/et_pb_text][et_pb_text _builder_version=&#8221;4.16&#8243; _module_preset=&#8221;4c43b4b6-66bf-432d-959a-705bda24a650&#8243; text_font=&#8221;Belleza||||||||&#8221; text_text_color=&#8221;#FFFFFF&#8221; text_font_size=&#8221;18px&#8221; text_line_height=&#8221;1.6em&#8221; link_text_color=&#8221;#FFFFFF&#8221; header_font_size_tablet=&#8221;55px&#8221; header_font_size_last_edited=&#8221;off|desktop&#8221; locked=&#8221;off&#8221; global_colors_info=&#8221;{}&#8221; theme_builder_area=&#8221;post_content&#8221;]<\/p>\n<p>18 rue de la Dorure 75015\u00a0<\/p>\n<p>[\/et_pb_text][et_pb_text _builder_version=&#8221;4.16&#8243; _module_preset=&#8221;4c43b4b6-66bf-432d-959a-705bda24a650&#8243; text_font=&#8221;Belleza||||||||&#8221; text_text_color=&#8221;#FFFFFF&#8221; text_font_size=&#8221;18px&#8221; text_line_height=&#8221;1.6em&#8221; link_text_color=&#8221;#FFFFFF&#8221; custom_margin=&#8221;||10px||false|false&#8221; header_font_size_tablet=&#8221;55px&#8221; header_font_size_last_edited=&#8221;off|desktop&#8221; locked=&#8221;off&#8221; global_colors_info=&#8221;{}&#8221; theme_builder_area=&#8221;post_content&#8221;]Lundi &#8211; Vendredi : 10h00 &#8211; 19h00<\/p>\n<p>Sam : 10h00 &#8211; 19h30 &#8211; Dim : Ferm\u00e9[\/et_pb_text][et_pb_text _builder_version=&#8221;4.16&#8243; _module_preset=&#8221;4c43b4b6-66bf-432d-959a-705bda24a650&#8243; text_font=&#8221;Source Sans Pro||||||||&#8221; text_text_color=&#8221;#FFFFFF&#8221; text_line_height=&#8221;1.6em&#8221; link_text_color=&#8221;#FFFFFF&#8221; header_font_size_tablet=&#8221;55px&#8221; header_font_size_last_edited=&#8221;off|desktop&#8221; locked=&#8221;off&#8221; global_colors_info=&#8221;{}&#8221; theme_builder_area=&#8221;post_content&#8221;][\/et_pb_text][\/et_pb_column][et_pb_column type=&#8221;1_2&#8243; _builder_version=&#8221;4.19.2&#8243; _module_preset=&#8221;default&#8221; global_colors_info=&#8221;{}&#8221; theme_builder_area=&#8221;post_content&#8221;][et_pb_contact_form captcha=&#8221;off&#8221; title=&#8221;Abonnez-vous \u00e0 notre Newsletter&#8221; submit_button_text=&#8221;ENVOYER&#8221; _builder_version=&#8221;4.21.2&#8243; _module_preset=&#8221;5e3e188f-e30c-4fb5-a14e-87f877a4619f&#8221; form_field_background_color=&#8221;rgba(0,0,0,0.34)&#8221; form_field_text_color=&#8221;#FFFFFF&#8221; form_field_custom_padding=&#8221;16px|24px|16px|24px|true|true&#8221; title_font=&#8221;Belleza||||||||&#8221; title_text_align=&#8221;center&#8221; title_text_color=&#8221;#FFFFFF&#8221; title_font_size=&#8221;24px&#8221; form_field_font=&#8221;Belleza|||on|||||&#8221; form_field_font_size=&#8221;16px&#8221; custom_button=&#8221;on&#8221; button_text_size=&#8221;14px&#8221; button_text_color=&#8221;#FFFFFF&#8221; button_bg_color=&#8221;RGBA(0,0,0,0)&#8221; button_border_width=&#8221;2px&#8221; button_border_color=&#8221;#FFFFFF&#8221; button_border_radius=&#8221;60px&#8221; button_letter_spacing=&#8221;2px&#8221; button_font=&#8221;Belleza|700||on|||||&#8221; button_custom_margin=&#8221;10px||||false|false&#8221; button_custom_padding=&#8221;16px|24px|16px|24px|true|true&#8221; border_width_all=&#8221;1px&#8221; border_color_all=&#8221;#FFFFFF&#8221; border_width_bottom=&#8221;2px&#8221; locked=&#8221;off&#8221; global_colors_info=&#8221;{}&#8221; button_bg_color__hover_enabled=&#8221;on|hover&#8221; button_bg_color__hover=&#8221;#cab6a1&#8243; button_bg_enable_color__hover=&#8221;on&#8221; theme_builder_area=&#8221;post_content&#8221;][et_pb_contact_field field_id=&#8221;Nom&#8221; field_title=&#8221;Nom&#8221; fullwidth_field=&#8221;on&#8221; _builder_version=&#8221;4.16&#8243; _module_preset=&#8221;default&#8221; global_colors_info=&#8221;{}&#8221; button_text_size__hover_enabled=&#8221;off&#8221; button_one_text_size__hover_enabled=&#8221;off&#8221; button_two_text_size__hover_enabled=&#8221;off&#8221; button_text_color__hover_enabled=&#8221;off&#8221; button_one_text_color__hover_enabled=&#8221;off&#8221; button_two_text_color__hover_enabled=&#8221;off&#8221; button_border_width__hover_enabled=&#8221;off&#8221; button_one_border_width__hover_enabled=&#8221;off&#8221; button_two_border_width__hover_enabled=&#8221;off&#8221; button_border_color__hover_enabled=&#8221;off&#8221; button_one_border_color__hover_enabled=&#8221;off&#8221; button_two_border_color__hover_enabled=&#8221;off&#8221; button_border_radius__hover_enabled=&#8221;off&#8221; button_one_border_radius__hover_enabled=&#8221;off&#8221; button_two_border_radius__hover_enabled=&#8221;off&#8221; button_letter_spacing__hover_enabled=&#8221;off&#8221; button_one_letter_spacing__hover_enabled=&#8221;off&#8221; button_two_letter_spacing__hover_enabled=&#8221;off&#8221; button_bg_color__hover_enabled=&#8221;off&#8221; button_one_bg_color__hover_enabled=&#8221;off&#8221; button_two_bg_color__hover_enabled=&#8221;off&#8221; theme_builder_area=&#8221;post_content&#8221;][\/et_pb_contact_field][et_pb_contact_field field_id=&#8221;Email&#8221; field_title=&#8221;Email &#8221; field_type=&#8221;email&#8221; fullwidth_field=&#8221;on&#8221; _builder_version=&#8221;4.16&#8243; _module_preset=&#8221;default&#8221; global_colors_info=&#8221;{}&#8221; button_text_size__hover_enabled=&#8221;off&#8221; button_one_text_size__hover_enabled=&#8221;off&#8221; button_two_text_size__hover_enabled=&#8221;off&#8221; button_text_color__hover_enabled=&#8221;off&#8221; button_one_text_color__hover_enabled=&#8221;off&#8221; button_two_text_color__hover_enabled=&#8221;off&#8221; button_border_width__hover_enabled=&#8221;off&#8221; button_one_border_width__hover_enabled=&#8221;off&#8221; button_two_border_width__hover_enabled=&#8221;off&#8221; button_border_color__hover_enabled=&#8221;off&#8221; button_one_border_color__hover_enabled=&#8221;off&#8221; button_two_border_color__hover_enabled=&#8221;off&#8221; button_border_radius__hover_enabled=&#8221;off&#8221; button_one_border_radius__hover_enabled=&#8221;off&#8221; button_two_border_radius__hover_enabled=&#8221;off&#8221; button_letter_spacing__hover_enabled=&#8221;off&#8221; button_one_letter_spacing__hover_enabled=&#8221;off&#8221; button_two_letter_spacing__hover_enabled=&#8221;off&#8221; button_bg_color__hover_enabled=&#8221;off&#8221; button_one_bg_color__hover_enabled=&#8221;off&#8221; button_two_bg_color__hover_enabled=&#8221;off&#8221; theme_builder_area=&#8221;post_content&#8221;][\/et_pb_contact_field][et_pb_contact_field field_id=&#8221;Message&#8221; field_title=&#8221;Message&#8221; field_type=&#8221;text&#8221; fullwidth_field=&#8221;on&#8221; _builder_version=&#8221;4.16&#8243; _module_preset=&#8221;default&#8221; global_colors_info=&#8221;{}&#8221; button_text_size__hover_enabled=&#8221;off&#8221; button_one_text_size__hover_enabled=&#8221;off&#8221; button_two_text_size__hover_enabled=&#8221;off&#8221; button_text_color__hover_enabled=&#8221;off&#8221; button_one_text_color__hover_enabled=&#8221;off&#8221; button_two_text_color__hover_enabled=&#8221;off&#8221; button_border_width__hover_enabled=&#8221;off&#8221; button_one_border_width__hover_enabled=&#8221;off&#8221; button_two_border_width__hover_enabled=&#8221;off&#8221; button_border_color__hover_enabled=&#8221;off&#8221; button_one_border_color__hover_enabled=&#8221;off&#8221; button_two_border_color__hover_enabled=&#8221;off&#8221; button_border_radius__hover_enabled=&#8221;off&#8221; button_one_border_radius__hover_enabled=&#8221;off&#8221; button_two_border_radius__hover_enabled=&#8221;off&#8221; button_letter_spacing__hover_enabled=&#8221;off&#8221; button_one_letter_spacing__hover_enabled=&#8221;off&#8221; button_two_letter_spacing__hover_enabled=&#8221;off&#8221; button_bg_color__hover_enabled=&#8221;off&#8221; button_one_bg_color__hover_enabled=&#8221;off&#8221; button_two_bg_color__hover_enabled=&#8221;off&#8221; theme_builder_area=&#8221;post_content&#8221;][\/et_pb_contact_field][\/et_pb_contact_form][\/et_pb_column][\/et_pb_row][et_pb_row _builder_version=&#8221;4.21.2&#8243; _module_preset=&#8221;default&#8221; border_color_all=&#8221;#FFFFFF&#8221; border_width_bottom=&#8221;1px&#8221; global_colors_info=&#8221;{}&#8221; theme_builder_area=&#8221;post_content&#8221;][et_pb_column type=&#8221;4_4&#8243; _builder_version=&#8221;4.19.2&#8243; _module_preset=&#8221;default&#8221; global_colors_info=&#8221;{}&#8221; theme_builder_area=&#8221;post_content&#8221;][et_pb_image src=&#8221;https:\/\/revevasionpor.tfolio.fr\/wp-content\/uploads\/2023\/05\/LOGO-REVASION-3.png&#8221; title_text=&#8221;LOGO-REVASION&#8211;3&#8243; _builder_version=&#8221;4.21.2&#8243; _module_preset=&#8221;default&#8221; width=&#8221;18%&#8221; module_alignment=&#8221;center&#8221; global_colors_info=&#8221;{}&#8221; theme_builder_area=&#8221;post_content&#8221;][\/et_pb_image][\/et_pb_column][\/et_pb_row][\/et_pb_section]<\/p>\n","protected":false},"excerpt":{"rendered":"<p>MENTIONS LEGALES\u00a0 \u00a0 \u00a0 En vertu de l\u2019article 6 de la loi n\u00b0 2004-575 du 21 juin 2004 pour la confiance dans l\u2019\u00e9conomie num\u00e9rique, il est pr\u00e9cis\u00e9 aux utilisateurs du site https:\/\/asma.tfolio.fr, l\u2019identit\u00e9 des diff\u00e9rents intervenants dans le cadre de sa r\u00e9alisation et de son suivi : Propri\u00e9taire, cr\u00e9ateur, responsable de publication : Concepteur du [&hellip;]<\/p>\n","protected":false},"author":1,"featured_media":0,"parent":0,"menu_order":0,"comment_status":"closed","ping_status":"closed","template":"","meta":{"_et_pb_use_builder":"on","_et_pb_old_content":"<!-- wp:divi\/placeholder \/-->","_et_gb_content_width":""},"_links":{"self":[{"href":"https:\/\/revevasionpor.tfolio.fr\/index.php\/wp-json\/wp\/v2\/pages\/987501895"}],"collection":[{"href":"https:\/\/revevasionpor.tfolio.fr\/index.php\/wp-json\/wp\/v2\/pages"}],"about":[{"href":"https:\/\/revevasionpor.tfolio.fr\/index.php\/wp-json\/wp\/v2\/types\/page"}],"author":[{"embeddable":true,"href":"https:\/\/revevasionpor.tfolio.fr\/index.php\/wp-json\/wp\/v2\/users\/1"}],"replies":[{"embeddable":true,"href":"https:\/\/revevasionpor.tfolio.fr\/index.php\/wp-json\/wp\/v2\/comments?post=987501895"}],"version-history":[{"count":4,"href":"https:\/\/revevasionpor.tfolio.fr\/index.php\/wp-json\/wp\/v2\/pages\/987501895\/revisions"}],"predecessor-version":[{"id":987501900,"href":"https:\/\/revevasionpor.tfolio.fr\/index.php\/wp-json\/wp\/v2\/pages\/987501895\/revisions\/987501900"}],"wp:attachment":[{"href":"https:\/\/revevasionpor.tfolio.fr\/index.php\/wp-json\/wp\/v2\/media?parent=987501895"}],"curies":[{"name":"wp","href":"https:\/\/api.w.org\/{rel}","templated":true}]}}